ue
Is 87 a factor of 522?
True
Is 33 a factor of 14230158?
False
Is 3979926 a multiple of 1118?
False
Does 186 divide 1590757?
False
Is 250 a factor of 155106?
False
Is 8074 a multiple of 4?
False
Does 109 divide 603782?
False
Does 1070 divide 5167438?
False
Does 15 divide 311655?
True
Is 4038112 a multiple of 571?
True
Is 337 a factor of 43788?
False
Does 7 divide 1188128?
False
Does 255 divide 13515?
True
Is 26 a factor of 15106?
True
Is 251 a factor of 278885?
False
Is 525725 a multiple of 460?
False
Does 1077 divide 3498215?
False
Is 107 a factor of 15714876?
True
Is 290 a factor of 2108915?
False
Is 11017 a multiple of 3?
False
Does 8 divide 5196557?
False
Is 2436647 a multiple of 235?
False
Does 465 divide 798078?
False
Does 117 divide 212238?
True
Is 2277792 a multiple of 352?
True
Is 2489841 a multiple of 13?
False
Is 1895009 a multiple of 94?
False
Is 164727 a multiple of 27?
True
Does 123 divide 149937?
True
Is 250996 a multiple of 524?
True
Is 21 a factor of 1971501?
True
Is 191651 a multiple of 9?
False
Is 891493 a multiple of 61?
False
Does 8 divide 3084016?
True
Is 97 a factor of 11936141?
True
Is 21363 a multiple of 3?
True
Does 556 divide 3957596?
False
Is 1859092 a multiple of 222?
False
Is 11484 a multiple of 2?
True
Does 230 divide 6689765?
False
Does 11 divide 9754190?
False
Is 25 a factor of 54300?
True
Does 59 divide 1219471?
True
Is 30 a factor of 27969990?
True
Does 665 divide 343513?
False
Does 13 divide 1422746?
True
Is 203 a factor of 3708437?
False
Does 385 divide 2048686?
False
Is 50 a factor of 230800?
True
Is 318045 a multiple of 65?
True
Is 5679596 a multiple of 956?
True
Does 24 divide 53040?
True
Does 294 divide 1437820?
False
Is 23 a factor of 2627773?
True
Is 196 a factor of 454819?
False
Does 9 divide 2870?
False
Does 219 divide 323682?
True
Is 227708 a multiple of 151?
True
Does 127 divide 2069338?
True
Does 4 divide 1225917?
False
Is 41 a factor of 8581831?
False
Is 357 a factor of 285600?
True
Is 26 a factor of 181246?
True
Is 8 a factor of 4538376?
True
Is 434720 a multiple of 304?
True
Is 5379516 a multiple of 207?
True
Does 4 divide 4820?
True
Does 8 divide 268992?
True
Is 141 a factor of 352923?
True
Does 29 divide 1334424?
False
Does 4 divide 951702?
False
Is 10 a factor of 38652?
False
Is 20 a factor of 104840?
True
Is 6 a factor of 102904?
False
Does 105 divide 565635?
True
Is 981541 a multiple of 399?
False
Is 131 a factor of 87639?
True
Does 24 divide 31795656?
True
Is 3382 a multiple of 6?
False
Does 41 divide 124926?
False
Does 51 divide 1627920?
True
Is 154 a factor of 5947993?
False
Is 319 a factor of 556974?
True
Is 64532 a multiple of 17?
True
Is 32481 a multiple of 81?
True
Does 2 divide 308103?
False
Is 14 a factor of 3561082?
True
Is 128 a factor of 19115392?
True
Is 34 a factor of 8352576?
True
Is 74650 a multiple of 255?
False
Is 19 a factor of 978339?
False
Is 320457 a multiple of 92?
False
Does 165 divide 14025?
True
Does 469 divide 170331?
False
Is 395 a factor of 1144280?
False
Is 176 a factor of 299024?
True
Is 18 a factor of 2040804?
True
Is 13142754 a multiple of 389?
True
Is 215256 a multiple of 43?
False
Is 519 a factor of 9590103?
False
Does 35 divide 20224?
False
Does 194 divide 3205768?
False
Is 1311042 a multiple of 7?
False
Is 537 a factor of 2356215?
False
Is 36 a factor of 4156640?
False
Is 187 a factor of 405760?
False
Is 49 a factor of 719352?
False
Is 18 a factor of 147798?
True
Is 1935052 a multiple of 14?
True
Is 453762 a multiple of 552?
False
Is 107416 a multiple of 29?
True
Does 511 divide 212576?
True
Does 16 divide 4154911?
False
Does 4 divide 11115?
False
Does 8 divide 30178?
False
Is 15 a factor of 908145?
True
Does 26 divide 1946978?
False
Is 4276782 a multiple of 637?
False
Is 123 a factor of 230379?
True
Is 52537 a multiple of 107?
True
Does 259 divide 104441?
False
Is 38 a factor of 88971?
False
Is 26 a factor of 270218?
True
Is 31 a factor of 1817369?
False
Does 42 divide 102235?
False
Is 70 a factor of 4590670?
True
Is 46573 a multiple of 32?
False
Is 336019 a multiple of 55?
False
Does 26 divide 609455?
False
Is 239 a factor of 2474934?
False
Does 6 divide 1591764?
True
Is 16 a factor of 2502848?
True
Is 4669603 a multiple of 20?
False
Does 12 divide 416628?
True
Is 6480 a multiple of 216?
True
Is 50584 a multiple of 23?
False
Is 93307 a multiple of 344?
False
Is 221586 a multiple of 14?
False
Does 85 divide 43520?
True
Does 351 divide 1708?
False
Does 239 divide 4945728?
False
Is 38 a factor of 395770?
True
Is 9 a factor of 66266?
False
Is 99603 a multiple of 5?
False
Is 306 a factor of 2555712?
True
Is 21 a factor of 35708?
False
Is 187454 a multiple of 82?
False
Does 83 divide 3511481?
True
Is 70 a factor of 871360?
True
Does 48 divide 1347285?
False
Is 118588 a multiple of 203?
False
Is 67338 a multiple of 12?
False
Is 229 a factor of 628183?
False
Is 15 a factor of 9795?
True
Does 139 divide 2821878?
False
Is 273196 a multiple of 24?
False
Does 869 divide 8042595?
True
Is 166 a factor of 288641?
False
Is 527 a factor of 219759?
True
Does 75 divide 221475?
True
Does 7 divide 573461?
True
Does 67 divide 690100?
True
Is 25 a factor of 4089850?
True
Does 10 divide 396670?
True
Does 3 divide 135285?
True
Is 8 a factor of 480635?
False
Does 3 divide 59111?
False
Is 142180 a multiple of 4?
True
Is 145521 a multiple of 69?
True
Is 39 a factor of 69732?
True
Does 957 divide 4750548?
True
Is 10881438 a multiple of 26?
False
Is 11952504 a multiple of 981?
True
Does 3 divide 143627?
False
Is 3085891 a multiple of 39?
False
Is 21823125 a multiple of 565?
True
Does 33 divide 11142675?
False
Is 201 a factor of 273526?
False
Is 9118593 a multiple of 13?
False
Does 302 divide 648133?
False
Is 63616 a multiple of 56?
True
Is 7877659 a multiple of 22?
False
Is 41 a factor of 431853?
True
Is 2625318 a multiple of 18?
True
Is 144915 a multiple of 15?
True
Is 737808 a multiple of 152?
True
Is 8041194 a multiple of 378?
True
Is 102 a factor of 31400?
False
Is 9946772 a multiple of 11?
True
Does 94 divide 69842?
True
Is 1843295 a multiple of 464?
False
Does 398 divide 2373688?
False
Is 1656 a multiple of 6?
True
Is 60110 a multiple of 6?
False
Is 369 a factor of 171857?
False
Is 1938307 a multiple of 387?
False
Does 86 divide 614728?
True
Is 100580 a multiple of 10?
True
Is 27 a factor of 236034?
True
Is 67 a factor of 1039089?
False
Is 94008 a multiple of 6?
True
Does 11 divide 88802?
False
Is 29 a factor of 208245?
False
Is 314 a factor of 265970?
False
Does 1545 divide 351359?
False
Does 517 divide 221527?
False
Is 1255622 a multiple of 41?
False
Does 79 divide 147582?
False
Does 68 divide 123556?
True
Does 16 divide 1960656?
True
Is 394 a factor of 1239918?
True
Does 88 divide 638084?
False
Is 1101669 a multiple of 198?
False
Is 6310 a multiple of 5?
True
Is 56 a factor of 143994?
False
Does 12 divide 2627820?
True
Is 2145967 a multiple of 5?
False
Is 34189 a multiple of 4?
False
Does 378 divide 1510120?
False
Is 445 a factor of 2387870?
True
Is 6 a factor of 27712?
False
Is 29 a factor of 292566?
False
Does 802 divide 3461113?
False
Is 95700 a multiple of 55?
True
Is 741 a factor of 29567382?
True
Is 49770 a multiple of 16?
False
Does 47 divide 85822?
True
Does 502 divide 739446?
True
Does 202 divide 5251192?
True
Does 60 divide 575220?
True
Is 339 a factor of 1630438?
False
Is 363608 a multiple of 165?
False
Does 5 divide 23373?
False
Is 3118763 a multiple of 7?
False
Is 6737506 a multiple of 34?
False
Does 23 divide 33179?
False
Is 5979723 a multiple of 5?
False
Is 101 a factor of 2382691?
True
Is 16 a factor of 378599?
False
Is 703156 a multiple of 46?
True
Is 31 a factor of 1975320?
True
Is 443 a factor of 15650568?
False
Does 8 divide 139470?
False
Is 33 a factor of 94138?
False
Does 6 divide 69970?
False
Is 8 a factor of 454770?
False
Does 182 divide 62244?
True
Does 208 divide 378984?
False
Is 65406 a multiple of 66?
True
Does 9 divide 15003?
True
Does 1031 divide 9408906?
True
Does 26 divide 504530?
True
Is 4057296 a multiple of 702?
False
Does 5 divide 6965?
True
Does 183 divide 2249336?
False
Is 4308198 a multiple of 3?
True
Is 1106105 a multiple of 169?
True
Is 181 a factor of 209055?
True
Is 1296 a factor of 736800?
False
Does 198 divide 471636?
T